- 25 = -5*g, -4*g = -u*g + 5*b + 5. Suppose 55 = 5*i + g*t, i - 14 = -0*i - 4*t. List the prime factors of i.
2, 5
Suppose 3*u = 3*m - 39, m + 2*m - 41 = 2*u. Suppose -4*r - a + 87 = r, r = a + m. List the prime factors of r.
17
Let i(m) = -3*m + 13. Let s(g) = 2*g - 6. Let o(q) = 3*i(q) + 5*s(q). List the prime factors of o(0).
3
Let i = -4 - -6. Suppose i*v - 8 = 12. List the prime factors of v.
2, 5
Suppose h = -2*o + 95, -191 = -5*h - o + 293. What are the prime factors of h?
97
Let h = 19 + 1. Suppose -2*b - b + 6 = 0. List the prime factors of (b - h)/((-6)/4).
2, 3
Let i(p) = p**3 - 9*p**2 + 6*p - 12. Let m(v) = -4*v + 1. Let x be m(-2). List the prime factors of i(x).
2, 3, 7
Let a(n) = 3*n**3 + 10*n**2 - n + 2. Let r(f) = -f**3 - f**2 - 1. Let d(q) = a(q) + 2*r(q). Let u be d(-7). Suppose u = x + 3*x. List the prime factors of x.
2, 7
Suppose 3*a - 48 = -4*x, 0*x + 4*x = -4*a + 64. Suppose -3*b - a = m, m + 0*m = b + 4. What are the prime factors of (-7)/(m/2*2)?
7
Let t(z) = -3*z - 9. List the prime factors of t(-14).
3, 11
What are the prime factors of 5*((-282)/(-10) - -1)?
2, 73
Suppose 5*f - 11 + 1 = -2*z, 4*f - 8 = -5*z. Suppose -4*c + 5*t = -4, z*c - 2*c - t = -16. What are the prime factors of c?
2, 3
Let w(b) = b**2 + 10*b + 3. Let g be w(-11). Suppose -5*y + 76 = -g. What are the prime factors of y?
2, 3
Let h(w) = w**2 + w - 7. Let l(j) = j**3 - 4*j**2 - j - 2. Let g be l(4). What are the prime factors of h(g)?
23
Suppose 2*f - 233 = -83. List the prime factors of f.
3, 5
Let w be ((-14)/4)/((-2)/4). Let f be 14 + 2 - (0 + 1). Let p = f - w. List the prime factors of p.
2
What are the prime factors of 1*(-3)/9*-48?
2
Let v(k) = k**2 + 4*k - 7. Let q be v(-6). Let d = q + -1. Suppose 3*x - d*x + 10 = 0. List the prime factors of x.
2, 5
Let b be 12/(0 - 2 - -3). Suppose 0*h + b = 3*h. Let g(u) = u**2 - 4. List the prime factors of g(h).
2, 3
Suppose -4*r + 5*w + 591 = 0, w - 177 = -3*r + 271. List the prime factors of r.
149
Let d(r) = 5*r. Let q be d(3). Suppose c = -j + q, 55 = 4*j + 6*c - 3*c. List the prime factors of j.
2, 5
Let y(h) = -h + 4. What are the prime factors of y(-4)?
2
Let p = -3 - -8. Suppose 15 = -5*l - 0*f + p*f, 3*f = 9. Suppose -6*d + 4*d + 30 = l. What are the prime factors of d?
3, 5
Suppose -128 = -6*r - 2*r. What are the prime factors of r?
2
List the prime factors of ((-357)/68)/((-6)/128) + -1.
3, 37
Let h be (-112)/(-7) - 6/2. Let u = h + -8. List the prime factors of u.
5
Let k(h) = -22*h**2 - h + 1. Let d be k(1). Let w be (-4)/d - 48/22. Let b = 0 - w. What are the prime factors of b?
2
Let q(z) = -5*z - 2. Let r(v) = -v + 1. Let m(u) = q(u) - 3*r(u). List the prime factors of m(-4).
3
Let h(s) = 2*s**2 - 10*s - 2. What are the prime factors of h(-9)?
2, 5
Let h(c) = -c - 2. Let a be h(-7). Let w(j) = -j**2 + 7*j - 6. Let s be w(a). List the prime factors of -27*(12/(-9))/s.
3
Let l be ((-18)/8)/(6/(-16)). Let n = l + 3. What are the prime factors of n?
3
Let s = -1 - -5. Let t = s + 0. What are the prime factors of t?
2
Let k = 2 + -4. Let p be (10/4 + k)*-2. List the prime factors of 1 + 7 + p*2.
2, 3
Let f(c) = -3*c - 15. Let i(t) = -t**2 + 8*t - 6. Let z be i(8). List the prime factors of f(z).
3
Suppose -7*m = -2*m - 330. Suppose r + 0*j = j + 12, -2*j + m = 4*r. List the prime factors of r.
3, 5
Let n(b) = -b**2 - 7*b. Let l = 1 - 1. Suppose l = c + 2*c + 9. What are the prime factors of n(c)?
2, 3
Suppose -3*y + 9 = -0*y. Suppose -y*v = 2*d - 5*v - 14, 2*d + 4*v - 2 = 0. What are the prime factors of d?
5
Let c be -3 - 3/3*25. What are the prime factors of ((-2)/(-4))/((-2)/c)?
7
Suppose -4*j + 5*x - 137 = -492, 0 = -4*j - 4*x + 364. List the prime factors of (0 - -1)*j/3.
2, 3, 5
Suppose 2*p = -0*p - 2*w + 12, 5*p = 2*w + 9. Suppose 4*r - 13 = p. Suppose 0 = -c + r*c - 27. What are the prime factors of c?
3
Let i be ((-1)/2)/((-3)/24). Let z(g) = g. Let r be z(4). Suppose 0 = i*m + r*t - 4, -m + 5*t - 2*t + 5 = 0. What are the prime factors of m?
2
Suppose -3*l + 108 = -l. List the prime factors of l.
2, 3
Suppose 0*c + 20 = -5*c. Let w be (c/(-8))/(3/162). Suppose -99 = -4*q - w. What are the prime factors of q?
2, 3
Let q = 66 + -30. What are the prime factors of q?
2, 3
Let q = -11 - -26. What are the prime factors of q?
3, 5
Let w = -31 - -66. List the prime factors of w.
5, 7
Let y = -5 + 5. Let u be (1 - y)/((-5)/(-45)). List the prime factors of ((-15)/u)/(3/(-18)).
2, 5
Let n(i) be the second derivative of i**6/720 + i**5/30 + i**4/12 + 2*i. Let g(a) be the third derivative of n(a). List the prime factors of g(3).
7
Suppose 0*m - 190 = -5*q - 3*m, 3*q - m = 114. What are the prime factors of q?
2, 19
Suppose -204 - 20 = -4*a. List the prime factors of a.
2, 7
Suppose 5*i - 3*i - 238 = 0. List the prime factors of i.
7, 17
List the prime factors of -102*3/((-18)/4) - 0.
2, 17
Let j = 45 + -13. What are the prime factors of j?
2
Let v(h) = -2*h. Let u be v(-3). Let y be 2*(2 - 10/4). Let o = u - y. List the prime factors of o.
7
Suppose 5*x = -5*v + 90, -2*v = x - 5*v - 18. Let i = x - 30. List the prime factors of 6*(-2)/(i/9).
3
Suppose 7*w - 4*w + 69 = 0. Let p = w - -33. List the prime factors of p.
2, 5
Let i(a) = 8*a**2 - 7*a + 5. Let w(v) = v**2 + 3 - 2*v**2 - 4*v + 5*v**2. Let p(t) = 3*i(t) - 5*w(t). List the prime factors of p(2).
2, 7
What are the prime factors of (448/(-20))/2*-20?
2, 7
Let q(j) = -j**3 + j**2 + 4*j + 3. Let c be q(-3). Suppose 92 = 2*x - 5*f, -4*x - 3*f - c = -159. What are the prime factors of x?
2, 3
Suppose -5*k + 1 = -3*f - 651, -2*k + 5*f = -257. What are the prime factors of k?
131
Let l(y) = y**2 + 4*y - 3. Let r be l(-5). Let u(g) = 0*g - g - r - 1. What are the prime factors of u(-9)?
2, 3
Let v = -24 - 6. Let d be (12/v)/((-1)/60). List the prime factors of d/(-10)*10/(-3).
2
Let c be (-2)/5 + 54/10. What are the prime factors of c/((-10)/(-62)) + 2?
3, 11
Suppose -4 - 21 = -5*s. Let c(a) = 3 - 4*a**3 - a + 0*a**3 - s*a**2 + 3*a**3. What are the prime factors of c(-5)?
2
Let w(u) be the third derivative of 17*u**5/60 - 7*u**4/24 + u**3 + u**2. Let j be w(4). What are the prime factors of (-2)/(-3) + j/30?
3
Suppose -2*o + 6 - 2 = 0. Suppose -6*v - 4 = -o*v, 0 = 5*a + 5*v - 5. Suppose -a*h + 5*q + 21 = 0, -3*q = -5*q + 2. List the prime factors of h.
13
Let k(o) = o + 1. Let a(t) = -t**2 - 8*t + 5. Let r be a(-8). What are the prime factors of k(r)?
2, 3
Let h(k) = -k**3 + k - 4. What are the prime factors of h(-3)?
2, 5
Suppose t + 2 = 4*k - 0, -2*k + 8 = 3*t. What are the prime factors of t?
2
Let n(s) = -2*s**3 + 6*s**2 + 5. List the prime factors of n(3).
5
What are the prime factors of 9/((0 - 1) + 2)?
3
Suppose 5*t - 33 = -148. What are the prime factors of t/(2 + -6 + 3)?
23
Let a(x) = x**3 - 5*x**2 - 3*x - 6. What are the prime factors of a(6)?
2, 3
Suppose 0 = 5*c - 4*c + 1. What are the prime factors of c/6 - (-169)/6?
2, 7
Let o = -29 + 74. List the prime factors of o.
3, 5
Let y = 85 - 23. What are the prime factors of y?
2, 31
Let y(r) = -r. Let h be y(-1). Let s be (18/(-12))/(h/(-2)). Suppose -s*m + 20 = m. What are the prime factors of m?
5
Let d(k) = k**2 - 2*k - 4. Let o be d(3). What are the prime factors of (35/5)/(o/(-1))?
7
Let u be (2 - -1)/(3/(-3)). Let b be 0/1 - (1 - 1). Let h = b - u. List the prime factors of h.
3
Let p(b) = b - 8. Let c be p(8). Suppose c = x + 2 - 5. Suppose -l - x*l = -64. List the prime factors of l.
2
Let y(w) = 43*w**2 + w - 1. What are the prime factors of y(2)?
173
Let p(y) = 2*y - 9. Let z be p(6). Suppose -z*u + 0*u = 4*g - 20, 0 = 3*u - 5*g - 56. What are the prime factors of u?
2, 3
Let n(u) = -u - u**3 + 4*u + 3 - 2*u**2 - 2*u - 7. Let h be n(-3). Suppose h*g = 4*k - 8 - 10, 4*g = 3*k - 16. List the prime factors of k.
2
Let m = 70 - 14. List the prime factors of m.
2, 7
Suppose 0*u = -3*u - 4*o - 814, -2*u - 5*o = 545. What are the prime factors of u/(-24)*16/6?
2, 3, 5
Let f(y) be the first derivative of y**3/6 + 4*y**2 + y - 1. Let t(u) be the first derivative of f(u). What are the prime factors of t(-6)?
2
Let w = 26 + 23. Let u = -12 + w. List the prime factors of u.
37
Suppose 2*k - 26 = 2*v - 7*v, 4 = v. Suppose -20 = 5*r, -k*i + 4*r - 6*r + 49 = 0. What are the prime fact